. Let d be (-2)/(-8) + (-1)/4. Let a be -2*(d + 3/2). Calculate s(a).
2
Let p(m) be the second derivative of -m**4/12 + 5*m**2/2 + 21*m. Give p(0).
5
Let f = 24 + -4. Suppose -c = 4*c + f. Let u(o) = -o**3 - 4*o**2 + 3. Calculate u(c).
3
Suppose -3*b - b = -8, i - 10 = -5*b. Suppose -3*g = m - 3, -2*m + i - 6 = 2*g. Let d(o) = -o**3 - 5*o**2 + 7*o + 6. Give d(m).
0
Let t(m) be the first derivative of m**2/2 + 2*m + 2. Suppose -n - 3 = -0*n. Let l be -2 - -1 - 9/n. Determine t(l).
4
Let m(n) = n**3 + 6*n**2 - 5*n + 4. Suppose -2*j + j + 13 = 5*d, 0 = 4*j + 4*d + 12. Calculate m(j).
-10
Let c(b) = -b**3 - 4*b**2 - 2*b - 4. Let a be c(-5). Let x(l) = 2*l**2 - 3*l + 35 - a - l**2 + 5*l**3 - 4*l**3. Calculate x(-3).
-5
Let j(t) = -3 + 4*t**3 - 2*t**3 - 3*t + 0*t**3 - 3*t**2. Determine j(3).
15
Let t(x) = x**2 + 2*x - 6. Let g(h) = -1. Let q(a) = -5*g(a) + t(a). Suppose -10 = 2*r + 2. Let i be (-15)/r*8/(-10). Determine q(i).
-1
Let m(a) = a - 2. Let z be (-6)/9*-3 + 0. Let u = z + -2. Suppose u*b = 4*b - 4. What is m(b)?
-1
Let z(l) be the second derivative of 5*l**4/12 - 7*l**3/6 + 21*l**2/2 - 5*l. Let r(w) = 2*w**2 - 3*w + 10. Let y(s) = -7*r(s) + 3*z(s). Determine y(0).
-7
Suppose 2*u = -3*v + 4*u + 51, -u = 5*v - 85. Suppose -2 = 3*d - v. Let w(x) = 3*x - 6. Calculate w(d).
9
Let l(u) = -u**3 + 3*u - 2. Let p(d) be the third derivative of 1/60*d**5 + 3/2*d**3 + 0 + 2*d**2 + 1/3*d**4 + 0*d. Let r be p(-7). What is l(r)?
-4
Let m(c) = -c**3 + 0*c**3 + 2*c - 5*c**2 - 3*c + 1. Suppose 3*g = 4*l - 7, g - 4*l + 4 = 7. Determine m(g).
6
Let a(s) = s - 23. Let q be a(20). Let b(d) = d**3 + 3*d**2 - 3*d. What is b(q)?
9
Let v(k) = k**3 - 2*k**2 + k + 1. Let f be v(2). Let p(n) = 4*n**3 + 0*n**3 - 3*n - 3*n**3 - f*n**2 - 5. Calculate p(4).
-1
Let c(n) = -5*n**3 - 6*n**2 + 6*n + 5. Let a(f) = -4*f**3 - 5*f**2 + 5*f + 4. Let s(w) = -4*a(w) + 3*c(w). Determine s(-2).
3
Let k be (1 + -2 + 1)/2. Let s(y) = -2*y**3 - y + 3. Let b = -9 + 16. Let v(j) = 5*j**3 + 2*j - 7. Let f(z) = b*s(z) + 3*v(z). Determine f(k).
0
Let h = -16 + 35. Suppose -y - 3*y + 2*u = 14, -h = 2*y - 5*u. Let m(j) = -42 + 5*j + 22 + 21. Calculate m(y).
-9
Let y(c) be the second derivative of c**4/6 - c**3/6 - 13*c**2/2 - 7*c. Let p(b) = -b**2 + 6. Let g(a) = -9*p(a) - 4*y(a). Give g(-6).
10
Let z(q) = -12*q - 12. Let g(c) = -7*c - 7. Let i(l) = -8*l - 8. Let v(w) = -7*g(w) + 6*i(w). Let o(j) = -22*v(j) - 2*z(j). Give o(2).
6
Let t(w) = 10 - 3*w - w + 3*w. Give t(6).
4
Let d(z) = -z + 1. Suppose -4*o + 41 = i, 4*o = 3*o - 5*i + 34. Suppose 6*y - o*y = -21. Calculate d(y).
-6
Suppose -6*j = -3*j + 12. Let k(r) = -r - 3. Let t(y) = y + 3. Let d = 8 - 3. Let x(s) = d*t(s) + 6*k(s). Determine x(j).
1
Let r(i) = i**2 - i + 3. Let w(l) = -l**2 + 5*l + 6. Let y be w(6). Give r(y).
3
Let d(m) be the third derivative of 0*m + 1/24*m**4 + 1/12*m**5 - 5*m**2 - 1/2*m**3 + 1/120*m**6 + 0. What is d(-4)?
9
Suppose 4*k - 3*m + 67 = 0, 4*m - 65 = 4*k + 3*m. Let n = -15 - k. Let g(o) = -3*o + 1. Determine g(n).
-2
Let l(y) = y**3 - 3*y**2 + y. Let f = 29 + -26. What is l(f)?
3
Let k(g) be the second derivative of g**5/20 - g**4/6 - g**3/3 + g**2/2 + g. Let a(y) = 6*y - 93. Let s be a(16). Determine k(s).
4
Let g(z) be the second derivative of -2*z**2 + 0 + 1/12*z**4 - 4*z - 1/2*z**3. Determine g(3).
-4
Let a(h) = -3*h - 309 + 305 - h + 2*h. Determine a(-3).
2
Let n(w) = -w + 4 - 5 - 8. Determine n(0).
-9
Suppose 2*i + 15 = 7*i, -4*f - 5*i + 55 = 0. Let l(m) = m**3 - 9*m**2 - 9*m - 10. Give l(f).
0
Let b be 36/2*(-3)/(-9). Let z(n) = -4*n**2 + 8*n - 9. Let i(g) = 3*g**2 - 7*g + 8. Let j(w) = b*i(w) + 5*z(w). Determine j(2).
-9
Let o(l) = -l + 7. Let g(y) = -y**3 + 2*y + 1. Let s(h) = h**2 - 7*h + 4. Let u be s(6). Let c be g(u). Determine o(c).
2
Let c(l) be the second derivative of -l**5/20 - l**4/3 + l**3/3 + 3*l**2/2 - 3*l. Suppose -3*n - 8 = 4. Give c(n).
-5
Let m(s) = s**2 - 3*s - 1. Let y be ((-6)/8)/(3/12). Let k(l) = 1. Let p(v) = y*k(v) + m(v). Calculate p(4).
0
Let u be 13/5 + 6/(-10). Let t(c) = u*c + 1 + c + 2 - 4*c - c**2. What is t(3)?
-9
Let p(n) = -n**2 - 4*n + 3. Let v = 9 + 10. Suppose 3*o - x = -o - v, -2*x - 10 = 0. Determine p(o).
-9
Let g = 7 - 3. Let w(f) = -3*f**3 - 7 + 6*f**2 + g*f**3 - f**2. Give w(-5).
-7
Let k(d) = d**3 - 10*d**2 + d - 10. Let p be k(10). Let r(o) be the second derivative of 1/3*o**4 + 2*o**2 + p - 1/3*o**3 + 3*o - 1/20*o**5. Give r(4).
-4
Let y(o) = -5*o + o + 5*o - 3*o**2 + 2*o**2 + 3. Let r be 2*(3 + 9/(-6)). Give y(r).
-3
Suppose k = c + 9, -5*k + k = 2*c - 24. Let p(v) = -2 + 2*v**2 - k - v**2. Give p(0).
-9
Let m(p) = -9*p - 4. Let k(d) = -11*d - 3. Let w(u) = 4*k(u) - 5*m(u). Give w(0).
8
Let r(a) = a**2 - 4*a + 5. Let i be r(4). Let m(z) = -6*z + 6. Let q(y) = -y. Let j(x) = m(x) - 4*q(x). Calculate j(i).
-4
Let u(p) = 5 - 4 + 7 - 9*p. Let q(c) = c - 1. Let d(n) = -6*q(n) - u(n). Calculate d(2).
4
Let s = -2 + 3. Suppose 0 = n + s - 3. Let k(f) = 0 + 9*f + 1 - n*f. Give k(-1).
-6
Let t(n) = -n**3 - 9*n**2 - 7*n + 7. Suppose 0*s - 48 = 6*s. What is t(s)?
-1
Let i(p) = 2. Let v(t) = t. Let g(k) = i(k) + v(k). Let h(x) = -3*x - 7. Let a(s) = -11*g(s) - 4*h(s). Give a(0).
6
Let h(t) = t + 3. Let u(p) = -2*p - 9. Let w(o) = 8*h(o) + 3*u(o). Give w(2).
1
Let d(t) = -t + 0*t + 22 - 29. Determine d(-4).
-3
Let r = -7 - -11. Suppose -3*u + 20 = -6*u + r*p, u + 4*p = 4. Let a be (-7 - u)*(-4)/(-3). Let c(l) = -2*l. What is c(a)?
8
Let b(o) = -o**3 + 7*o**2 - 6*o - 4. Let h = 27 - 22. Calculate b(h).
16
Suppose t = 5*u - 13, -5*t = -5*u - 3 + 68. Let q = t - -16. Let m(g) = g**3 - 2*g**2 - 3*g - 4. What is m(q)?
-4
Let l(o) = -4*o**2 + 4*o - 2. Suppose -4 = 5*p - 14. Suppose -3*k + p = -2*k. Determine l(k).
-10
Let i(v) be the third derivative of -v**5/15 + 38*v**2. Give i(-2).
-16
Let h(b) be the second derivative of b**7/840 - b**6/360 + b**4/12 + b**3/6 + 2*b. Let z(v) be the second derivative of h(v). Give z(0).
2
Let j(d) = d**3 + 8*d**2 + 4 - 4*d**2 - 2*d - 2*d + 5*d. Give j(-4).
0
Let i(h) = h**3 + h - 4. Let d(a) = 235 - 4*a**3 - 234 + 3*a**3. Let p(b) = 3*d(b) + i(b). Determine p(-2).
13
Let w be (0/(-3))/(0 - -2). Let i(p) = -p**3 + 3 + w*p**3 - 4*p**2 + 3*p**2 - p - 2. Determine i(-2).
7
Let i = -9 + 7. Let w(y) be the third derivative of -y**6/120 - y**5/30 - y**4/24 - y**3/6 + 2*y**2. Calculate w(i).
1
Let n(p) = -2 - 2*p - 6*p**2 - p + 5*p**2. Let w(c) = c**3 + 4*c**2 + 3*c - 4. Suppose 0*r = -r - 3. Let b be w(r). What is n(b)?
-6
Let i(v) be the third derivative of -1/3*v**3 + 1/24*v**4 - 3*v**2 + 0 + 0*v. Calculate i(3).
1
Let n(k) be the third derivative of -k**8/6720 + k**7/840 + k**6/144 - k**5/40 - k**4/8 + 3*k**2. Let c(w) be the second derivative of n(w). What is c(4)?
1
Let v(t) = t**3 - t**2 - 3*t**2 - 2*t**2 + 4 + 5*t**2. Give v(0).
4
Let m(z) be the first derivative of -z**4/4 - 5*z**3/3 + z**2 + 3*z + 107. Suppose 2*u = 6*u - 4*a + 28, 3*a - 6 = 0. Determine m(u).
-7
Let h(f) = -8*f**3 - f**2 + 1. Let v(q) = -q**3 - 7*q**2 - 7*q - 6. Suppose -b - 2 - 4 = 0. Let n be v(b). Let g be -1 - n*(-1 - -2). Determine h(g).
8
Let h(b) = -b + 0*b - b - 3*b**2 + 2*b**2 + 2. Let c(p) = p**2 - 5*p - 4. Let l be c(5). What is h(l)?
-6
Let w be (-38)/8 - (-3)/(-12). Let u(k) = k**2 + 3*k + 6. What is u(w)?
16
Let z be 1/(1*(-4)/(-12)). Let g(b) = b + 4. Let f(n) = -1. Let l(u) = -6*f(u) - g(u). Determine l(z).
-1
Let s be 4/(-98)*-7*7. Let h(c) be the second derivative of -1/2*c**s + 0*c**3 + 2*c + c**4 + 0. Give h(1).
11
Let l(j) = j**2. Let r = 137 + -139. Determine l(r).
4
Let n(h) = h**3 + h**2 - 2*h - 2. Let u = -1 - 1. What is n(u)?
-2
Let o(h) = h**2 + 7*h - 2*h**2 + 2 - 5. Let c(u) = -2*u + 19. Let x be c(7). What is o(x)?
7
Let i be (0/1)/(-2 + 1). Let h(j) = -j - 6. Let u(p) = -1. Let m(a) = -h(a) + 6*u(a). Give m(i).
0
Suppose 3*s = 5*x - 5, 0 = 5*x + 6*s - 3*s + 25. Let h be x/(-8) + 3/4. Let c = h + -1. Let q(o) = -o**3 - o**2 + o - 7. Determine q(c).
-7
Let t(r) be the third derivative of r**4/12 - 5*r**3/3 + 30*r**2 - 2. Give t(11).
12
Let p(h) = -1. Let k(u) = u + 6. Let a be 3 - -3*21/(-9). Let o(j) = a*p(j) - k(j). Give o(-5).
3
Let b(k) = 2*k - 9. Suppose -2*d + 5*d - 18 = 0. What is b(d)?
3
Let l(f) = -5*f. Suppose 4 = -14*b + 10*